{"id":1347,"date":"2025-04-01T11:14:34","date_gmt":"2025-04-01T09:14:34","guid":{"rendered":"https:\/\/greenmango24.com\/altesmango\/?page_id=1347"},"modified":"2025-04-01T17:08:58","modified_gmt":"2025-04-01T15:08:58","slug":"vip-corner","status":"publish","type":"page","link":"https:\/\/greenmango24.com\/altesmango\/vip-corner\/","title":{"rendered":"VIP-Corner"},"content":{"rendered":"\t\t<div data-elementor-type=\"wp-page\" data-elementor-id=\"1347\" class=\"elementor elementor-1347\" data-elementor-post-type=\"page\">\n\t\t\t\t<div class=\"elementor-element elementor-element-d39ab18 e-con-full e-flex e-con e-child\" data-id=\"d39ab18\" data-element_type=\"container\" data-settings=\"{&quot;background_background&quot;:&quot;classic&quot;}\">\n\t\t<div class=\"elementor-element elementor-element-a266669 e-flex e-con-boxed e-con e-child\" data-id=\"a266669\" data-element_type=\"container\">\n\t\t\t\t\t<div class=\"e-con-inner\">\n\t\t\t\t<div class=\"elementor-element elementor-element-dc160f5 elementor-widget elementor-widget-heading\" data-id=\"dc160f5\" data-element_type=\"widget\" data-widget_type=\"heading.default\">\n\t\t\t\t<div class=\"elementor-widget-container\">\n\t\t\t\t\t<h1 class=\"elementor-heading-title elementor-size-default\">UNSERE BEIDEN  <span style=\"color: #ffffff\">VIP-CORNER <\/span> <\/h1>\t\t\t\t<\/div>\n\t\t\t\t<\/div>\n\t\t\t\t\t<\/div>\n\t\t\t\t<\/div>\n\t\t\t\t<\/div>\n\t\t<div class=\"elementor-element elementor-element-dc25bbe e-con-full e-flex e-con e-parent\" data-id=\"dc25bbe\" data-element_type=\"container\" data-settings=\"{&quot;background_background&quot;:&quot;classic&quot;}\">\n\t\t\t\t<div class=\"elementor-element elementor-element-12b4e22 elementor--v-position-top elementor--h-position-center elementor-arrows-position-inside elementor-pagination-position-inside elementor-widget elementor-widget-slides\" data-id=\"12b4e22\" data-element_type=\"widget\" data-settings=\"{&quot;navigation&quot;:&quot;both&quot;,&quot;autoplay&quot;:&quot;yes&quot;,&quot;pause_on_hover&quot;:&quot;yes&quot;,&quot;pause_on_interaction&quot;:&quot;yes&quot;,&quot;autoplay_speed&quot;:5000,&quot;infinite&quot;:&quot;yes&quot;,&quot;transition&quot;:&quot;slide&quot;,&quot;transition_speed&quot;:500}\" data-widget_type=\"slides.default\">\n\t\t\t\t<div class=\"elementor-widget-container\">\n\t\t\t\t\t\t\t\t\t<div class=\"elementor-swiper\">\n\t\t\t\t\t<div class=\"elementor-slides-wrapper elementor-main-swiper swiper\" role=\"region\" aria-roledescription=\"carousel\" aria-label=\"Slider\" dir=\"ltr\" data-animation=\"fadeInUp\">\n\t\t\t\t<div class=\"swiper-wrapper elementor-slides\">\n\t\t\t\t\t\t\t\t\t\t<div class=\"elementor-repeater-item-317fa7a swiper-slide\" role=\"group\" aria-roledescription=\"slide\"><div class=\"swiper-slide-bg\" role=\"img\"><\/div><div class=\"swiper-slide-inner\" ><div class=\"swiper-slide-contents\"><div class=\"elementor-slide-heading\"><span class=\"blue-slider\"> Smirnoff VIP Corner <\/span><\/div><\/div><\/div><\/div><div class=\"elementor-repeater-item-6115994 swiper-slide\" role=\"group\" aria-roledescription=\"slide\"><div class=\"swiper-slide-bg\" role=\"img\"><\/div><div class=\"swiper-slide-inner\" ><div class=\"swiper-slide-contents\"><div class=\"elementor-slide-heading\"><span class=\"red-slider\"> Captains VIP Corner <\/span><\/div><\/div><\/div><\/div><div class=\"elementor-repeater-item-dc3a70b swiper-slide\" role=\"group\" aria-roledescription=\"slide\"><div class=\"swiper-slide-bg\" role=\"img\"><\/div><div class=\"swiper-slide-inner\" ><div class=\"swiper-slide-contents\"><div class=\"elementor-slide-heading\"><span class=\"blue-slider\"> Smirnoff VIP Corner <\/span><\/div><\/div><\/div><\/div><div class=\"elementor-repeater-item-26cba77 swiper-slide\" role=\"group\" aria-roledescription=\"slide\"><div class=\"swiper-slide-bg\" role=\"img\"><\/div><div class=\"swiper-slide-inner\" ><div class=\"swiper-slide-contents\"><div class=\"elementor-slide-heading\"><span class=\"red-slider\"> Captains VIP Corner <\/span><\/div><\/div><\/div><\/div><div class=\"elementor-repeater-item-9b74298 swiper-slide\" role=\"group\" aria-roledescription=\"slide\"><div class=\"swiper-slide-bg\" role=\"img\"><\/div><div class=\"swiper-slide-inner\" ><div class=\"swiper-slide-contents\"><div class=\"elementor-slide-heading\"><span class=\"blue-slider\"> Smirnoff VIP Corner <\/span><\/div><\/div><\/div><\/div><div class=\"elementor-repeater-item-2ac9103 swiper-slide\" role=\"group\" aria-roledescription=\"slide\"><div class=\"swiper-slide-bg\" role=\"img\"><\/div><div class=\"swiper-slide-inner\" ><div class=\"swiper-slide-contents\"><div class=\"elementor-slide-heading\"><span class=\"red-slider\"> Captains VIP Corner <\/span><\/div><\/div><\/div><\/div><div class=\"elementor-repeater-item-2936396 swiper-slide\" role=\"group\" aria-roledescription=\"slide\"><div class=\"swiper-slide-bg\" role=\"img\"><\/div><div class=\"swiper-slide-inner\" ><div class=\"swiper-slide-contents\"><div class=\"elementor-slide-heading\"><span class=\"blue-slider\"> Smirnoff VIP Corner <\/span><\/div><\/div><\/div><\/div><div class=\"elementor-repeater-item-a826ab6 swiper-slide\" role=\"group\" aria-roledescription=\"slide\"><div class=\"swiper-slide-bg\" role=\"img\"><\/div><div class=\"swiper-slide-inner\" ><div class=\"swiper-slide-contents\"><div class=\"elementor-slide-heading\"><span class=\"red-slider\"> Captains VIP Corner <\/span><\/div><\/div><\/div><\/div><div class=\"elementor-repeater-item-e30da72 swiper-slide\" role=\"group\" aria-roledescription=\"slide\"><div class=\"swiper-slide-bg\" role=\"img\"><\/div><div class=\"swiper-slide-inner\" ><div class=\"swiper-slide-contents\"><div class=\"elementor-slide-heading\"><span class=\"blue-slider\"> Smirnoff VIP Corner <\/span><\/div><\/div><\/div><\/div><div class=\"elementor-repeater-item-887d7a0 swiper-slide\" role=\"group\" aria-roledescription=\"slide\"><div class=\"swiper-slide-bg\" role=\"img\"><\/div><div class=\"swiper-slide-inner\" ><div class=\"swiper-slide-contents\"><div class=\"elementor-slide-heading\"><span class=\"red-slider\"> Captains VIP Corner <\/span><\/div><\/div><\/div><\/div>\t\t\t\t<\/div>\n\t\t\t\t\t\t\t\t\t\t\t\t\t\t\t<div class=\"elementor-swiper-button elementor-swiper-button-prev\" role=\"button\" tabindex=\"0\" aria-label=\"Previous slide\">\n\t\t\t\t\t\t\t<svg aria-hidden=\"true\" class=\"e-font-icon-svg e-eicon-chevron-left\" viewBox=\"0 0 1000 1000\" xmlns=\"http:\/\/www.w3.org\/2000\/svg\"><path d=\"M646 125C629 125 613 133 604 142L308 442C296 454 292 471 292 487 292 504 296 521 308 533L604 854C617 867 629 875 646 875 663 875 679 871 692 858 704 846 713 829 713 812 713 796 708 779 692 767L438 487 692 225C700 217 708 204 708 187 708 171 704 154 692 142 675 129 663 125 646 125Z\"><\/path><\/svg>\t\t\t\t\t\t<\/div>\n\t\t\t\t\t\t<div class=\"elementor-swiper-button elementor-swiper-button-next\" role=\"button\" tabindex=\"0\" aria-label=\"Next slide\">\n\t\t\t\t\t\t\t<svg aria-hidden=\"true\" class=\"e-font-icon-svg e-eicon-chevron-right\" viewBox=\"0 0 1000 1000\" xmlns=\"http:\/\/www.w3.org\/2000\/svg\"><path d=\"M696 533C708 521 713 504 713 487 713 471 708 454 696 446L400 146C388 133 375 125 354 125 338 125 325 129 313 142 300 154 292 171 292 187 292 204 296 221 308 233L563 492 304 771C292 783 288 800 288 817 288 833 296 850 308 863 321 871 338 875 354 875 371 875 388 867 400 854L696 533Z\"><\/path><\/svg>\t\t\t\t\t\t<\/div>\n\t\t\t\t\t\t\t\t\t\t\t\t\t\t\t\t<div class=\"swiper-pagination\"><\/div>\n\t\t\t\t\t\t\t\t\t\t\t\t<\/div>\n\t\t\t\t<\/div>\n\t\t\t\t\t\t\t\t<\/div>\n\t\t\t\t<\/div>\n\t\t\t\t<\/div>\n\t\t<div class=\"elementor-element elementor-element-e9a294e e-flex e-con-boxed e-con e-parent\" data-id=\"e9a294e\" data-element_type=\"container\" data-settings=\"{&quot;background_background&quot;:&quot;classic&quot;}\">\n\t\t\t\t\t<div class=\"e-con-inner\">\n\t\t<div class=\"elementor-element elementor-element-80f4705 e-con-full e-flex e-con e-child\" data-id=\"80f4705\" data-element_type=\"container\">\n\t\t\t\t<div class=\"elementor-element elementor-element-c917c08 elementor-widget elementor-widget-heading\" data-id=\"c917c08\" data-element_type=\"widget\" data-widget_type=\"heading.default\">\n\t\t\t\t<div class=\"elementor-widget-container\">\n\t\t\t\t\t<h2 class=\"elementor-heading-title elementor-size-default\">Gem\u00fctliches Sofas und der perfekte \u00dcberblick<\/h2>\t\t\t\t<\/div>\n\t\t\t\t<\/div>\n\t\t\t\t<\/div>\n\t\t<div class=\"elementor-element elementor-element-407cee5 e-con-full e-flex e-con e-child\" data-id=\"407cee5\" data-element_type=\"container\">\n\t\t\t\t<div class=\"elementor-element elementor-element-bd7c37c elementor-widget elementor-widget-text-editor\" data-id=\"bd7c37c\" data-element_type=\"widget\" data-widget_type=\"text-editor.default\">\n\t\t\t\t<div class=\"elementor-widget-container\">\n\t\t\t\t\t\t\t\t\t<h4 class=\"fusion-responsive-typography-calculated\" data-fontsize=\"20\" data-lineheight=\"30px\"><strong>Gleich neben unserer edlen karibisch- asiatischen Bar im hinteren Bereich haben wir links und rechts von dieser zwei eigene, abgetrennte Bereiche f\u00fcr Euch eingerichtet, ausgestattet mit Ledersofas und eigenen Songterminals!<\/strong><\/h4><p>Ihr werdet in den VIP-Bereichen gesondert und pers\u00f6nlich von einer Bedienung rundum betreut. So k\u00f6nnt Ihr mitten im Geschehen Eure Cocktails genie\u00dfen und seid doch exklusiv unter Euch!<\/p>\t\t\t\t\t\t\t\t<\/div>\n\t\t\t\t<\/div>\n\t\t\t\t<\/div>\n\t\t\t\t\t<\/div>\n\t\t\t\t<\/div>\n\t\t<div class=\"elementor-element elementor-element-05e7d33 e-flex e-con-boxed e-con e-parent\" data-id=\"05e7d33\" data-element_type=\"container\" data-settings=\"{&quot;background_background&quot;:&quot;classic&quot;}\">\n\t\t\t\t\t<div class=\"e-con-inner\">\n\t\t\t\t<div class=\"elementor-element elementor-element-21e9e6b elementor-widget elementor-widget-text-editor\" data-id=\"21e9e6b\" data-element_type=\"widget\" data-widget_type=\"text-editor.default\">\n\t\t\t\t<div class=\"elementor-widget-container\">\n\t\t\t\t\t\t\t\t\t<p>Nat\u00fcrlich sind beide VIP-Corner erh\u00f6ht, damit Ihr auch das Geschehen auf unserer gro\u00dfen B\u00fchne jederzeit vollends verfolgen k\u00f6nnt!<br \/>Platz bieten die VIP-Bereiche f\u00fcr jeweils ab 10 bis max. 13 Personen.<br \/>Bei mehr Personen und dem Wunsch auf VIP erweitern wir den abgeschotteten Bereich um angrenzende Tische oder Barbereiche!<\/p>\t\t\t\t\t\t\t\t<\/div>\n\t\t\t\t<\/div>\n\t\t\t\t\t<\/div>\n\t\t\t\t<\/div>\n\t\t<div class=\"elementor-element elementor-element-ba2dbf7 e-con-full e-flex e-con e-parent\" data-id=\"ba2dbf7\" data-element_type=\"container\">\n\t\t<div class=\"elementor-element elementor-element-1d36f46 e-con-full e-flex e-con e-child\" data-id=\"1d36f46\" data-element_type=\"container\" data-settings=\"{&quot;background_background&quot;:&quot;classic&quot;}\">\n\t\t<div class=\"elementor-element elementor-element-94484a3 e-con-full e-flex e-con e-child\" data-id=\"94484a3\" data-element_type=\"container\">\n\t\t\t\t<div class=\"elementor-element elementor-element-e97d24c elementor-widget elementor-widget-heading\" data-id=\"e97d24c\" data-element_type=\"widget\" data-widget_type=\"heading.default\">\n\t\t\t\t<div class=\"elementor-widget-container\">\n\t\t\t\t\t<h1 class=\"elementor-heading-title elementor-size-default\">Kondition f\u00fcr eine VIP-CORNER<\/h1>\t\t\t\t<\/div>\n\t\t\t\t<\/div>\n\t\t\t\t<\/div>\n\t\t\t\t<\/div>\n\t\t\t\t<\/div>\n\t\t<div class=\"elementor-element elementor-element-2f9040d e-con-full e-flex e-con e-parent\" data-id=\"2f9040d\" data-element_type=\"container\">\n\t\t<div class=\"elementor-element elementor-element-4fd521f e-flex e-con-boxed e-con e-child\" data-id=\"4fd521f\" data-element_type=\"container\">\n\t\t\t\t\t<div class=\"e-con-inner\">\n\t\t<div class=\"elementor-element elementor-element-534c2de e-con-full e-flex e-con e-child\" data-id=\"534c2de\" data-element_type=\"container\">\n\t\t\t\t<div class=\"elementor-element elementor-element-a74b25c elementor-widget elementor-widget-heading\" data-id=\"a74b25c\" data-element_type=\"widget\" data-widget_type=\"heading.default\">\n\t\t\t\t<div class=\"elementor-widget-container\">\n\t\t\t\t\t<h2 class=\"elementor-heading-title elementor-size-default\">Preis<\/h2>\t\t\t\t<\/div>\n\t\t\t\t<\/div>\n\t\t\t\t<div class=\"elementor-element elementor-element-abd794b elementor-widget elementor-widget-text-editor\" data-id=\"abd794b\" data-element_type=\"widget\" data-widget_type=\"text-editor.default\">\n\t\t\t\t<div class=\"elementor-widget-container\">\n\t\t\t\t\t\t\t\t\t<strong><span class=\"zahl\">60<\/span><span class=\"euro\">\u20ac <\/span><\/strong><span class=\"currency pos-right price-without-decimal\">\/<\/span><span class=\"time pos-right price-without-decimal\"><em>Abend<\/em><\/span>\t\t\t\t\t\t\t\t<\/div>\n\t\t\t\t<\/div>\n\t\t\t\t<\/div>\n\t\t\t\t\t<\/div>\n\t\t\t\t<\/div>\n\t\t\t\t<\/div>\n\t\t\t\t<\/div>\n\t\t","protected":false},"excerpt":{"rendered":"<p>UNSERE BEIDEN VIP-CORNER Smirnoff VIP Corner Captains VIP Corner Smirnoff VIP Corner Captains VIP Corner Smirnoff VIP Corner Captains VIP Corner Smirnoff VIP Corner Captains VIP Corner Smirnoff VIP Corner Captains VIP Corner Gem\u00fctliches Sofas und der perfekte \u00dcberblick Gleich neben unserer edlen karibisch- asiatischen Bar im hinteren Bereich haben wir links und rechts von [&hellip;]<\/p>\n","protected":false},"author":1,"featured_media":0,"parent":0,"menu_order":0,"comment_status":"closed","ping_status":"closed","template":"","meta":{"footnotes":""},"class_list":["post-1347","page","type-page","status-publish","hentry"],"_links":{"self":[{"href":"https:\/\/greenmango24.com\/altesmango\/wp-json\/wp\/v2\/pages\/1347","targetHints":{"allow":["GET"]}}],"collection":[{"href":"https:\/\/greenmango24.com\/altesmango\/wp-json\/wp\/v2\/pages"}],"about":[{"href":"https:\/\/greenmango24.com\/altesmango\/wp-json\/wp\/v2\/types\/page"}],"author":[{"embeddable":true,"href":"https:\/\/greenmango24.com\/altesmango\/wp-json\/wp\/v2\/users\/1"}],"replies":[{"embeddable":true,"href":"https:\/\/greenmango24.com\/altesmango\/wp-json\/wp\/v2\/comments?post=1347"}],"version-history":[{"count":10,"href":"https:\/\/greenmango24.com\/altesmango\/wp-json\/wp\/v2\/pages\/1347\/revisions"}],"predecessor-version":[{"id":1591,"href":"https:\/\/greenmango24.com\/altesmango\/wp-json\/wp\/v2\/pages\/1347\/revisions\/1591"}],"wp:attachment":[{"href":"https:\/\/greenmango24.com\/altesmango\/wp-json\/wp\/v2\/media?parent=1347"}],"curies":[{"name":"wp","href":"https:\/\/api.w.org\/{rel}","templated":true}]}}